8*f - t = -10*f. What is the tens digit of f?
2
Let a be (4/(-3))/((-4)/1545). Suppose -2*d = 5*v - 9*v + 2096, v = 5*d + a. What is the hundreds digit of v?
5
Suppose -2*a = -4*n + 74, -3*a + 2*n - n - 106 = 0. Let v(z) = -6*z - 19. Let h be v(17). Let y = a - h. What is the tens digit of y?
8
Let y = 164 + -164. Suppose -2*m = 2, -4*i = -m - y*m - 2849. What is the units digit of i?
2
Let s = 5804 - 8589. Let c = s + 4455. What is the thousands digit of c?
1
Suppose 350*u + 329325 = 375*u. What is the units digit of u?
3
Let g be ((-10)/(-4))/((10 + -8)/44). Suppose -8*y - g - 17 = 0. What is the tens digit of 2/y - (-3516)/27?
3
Let p(d) be the second derivative of -d**5/20 - d**4/2 + d**3/6 + d**2 - 17*d. Let c be p(-5). What is the tens digit of 120/(-1)*c/35?
9
Let r(c) = 5*c**2 + c - 6. Let n be r(2). Suppose -420 = -10*l + n*l. Let s = -37 - l. What is the units digit of s?
3
Suppose 5*y = 22*y - 216704 - 270652. What is the tens digit of y?
6
Let n = 54 + -48. Suppose 222 = -n*o + 7*o. What is the hundreds digit of o?
2
Let x(d) = 20*d + 114. Let n be x(-5). Let l(o) = -o**3 + 16*o**2 + 5*o - 36. What is the units digit of l(n)?
6
Suppose 6*l - 52 + 106 = 0. What is the tens digit of (-2 - -97) + l + 5 + 4?
9
Suppose 7*j - 40 = -13*j. What is the tens digit of ((j/4)/1)/((-2)/(-2900))?
2
Suppose -5*q = 5*p - 22925, p = q + 5*p - 4573. What is the units digit of q?
9
Suppose -122 + 47 = 25*q. Let u(i) = -43*i**3 - 3*i**2 - 6*i - 6. What is the tens digit of u(q)?
4
Let c(g) = g**3 - 12*g**2 - 13*g. Let i be c(13). Suppose -b + 2*z + 79 + 122 = i, 2*b - 2*z - 398 = 0. What is the units digit of b?
7
Suppose -4*s + 14 = 3*p, 4*p = 2*p - 4*s + 12. Suppose -3*f = 12, p*o = 7*f - 6*f + 306. What is the tens digit of o?
5
Suppose -128286 = -14*l - 4*l. Suppose 1307 = -10*r + l. What is the hundreds digit of r?
5
Let g = 10476 - 694. What is the hundreds digit of g?
7
Suppose 5*c + 168 = 3*q + 874, -5*c + 694 = 3*q. Let i(j) = 7*j**2 - 11*j + 2. Let n be i(4). Suppose -c = -2*v + n. What is the hundreds digit of v?
1
Let g be (2 - 32/20)*30/2. Suppose -g - 4 = 2*h, -1650 = -5*a + 2*h. What is the hundreds digit of a?
3
Let w be 594/(-90) + (-6)/15. Let r(u) = -75*u - 102. What is the units digit of r(w)?
3
Let j = 65609 - 26547. What is the hundreds digit of j?
0
Let z(r) = 36*r. Let i be z(1). Suppose -4*s = -4*h + i, 1 + 0 = s + h. What is the tens digit of -2 - (-209 + -1 + s)?
1
Suppose -1480863 - 398038 - 1160267 = -64*z. What is the units digit of z?
7
Let x be -8 - -4*63/7. Suppose -2*s + 1106 = x. What is the units digit of s?
9
Let s be (-2)/(-9) + (-553)/(-63). Let a be (5320/(-24))/(-7)*(-24)/(-10). Let b = s + a. What is the units digit of b?
5
What is the tens digit of 37710/(11 + 7) + -4?
9
Let p(n) = 203*n + 1136. What is the tens digit of p(33)?
3
Let a be 1 + (-20)/14 + (-51)/(-21). Suppose -10 + a = 4*c. What is the units digit of (3 - 2)/(c/(-42))?
1
Suppose -q - 5*j + 209 = 0, -3*j + 617 = 3*q + 2*j. Suppose 0 = 3*m - 0*m - 4*b - 306, 2*m - q = 5*b. What is the units digit of m?
2
Let o(b) = 3*b**2 - 16*b - 72. Suppose 8*i - 18 = 70. What is the tens digit of o(i)?
1
Suppose -u = 6 - 30. What is the units digit of (-60)/1*-6*(-23 + u)?
0
What is the thousands digit of 57712/4 - 18*(-17)/102?
4
Suppose -4*j - 16 = -8*j, 11 = -5*o - j. What is the units digit of 26/(-78) + (-631)/o?
0
Let q(m) = -3*m**3 - 5*m**2 - 11*m + 6. Let x be q(-9). Let t = 3146 - x. What is the units digit of t?
9
Let u be (-42)/2*(-3)/(6/2). What is the hundreds digit of 11*237/9 - (-7)/u?
2
Suppose -10*a + 7 + 33 = 0. What is the hundreds digit of ((-34)/(-8) - a)*-1538*-2?
7
Let a(j) = -3*j**3 + 315*j**2 + 112*j + 124. What is the tens digit of a(105)?
8
Let i = -30202 + 46839. What is the tens digit of i?
3
Let v(q) = -78*q**3 - 17*q**2 - 10*q - 2. What is the thousands digit of v(-8)?
8
Suppose 0*q = -86*q + 20382. What is the hundreds digit of q?
2
Let h = 24475 + -14269. What is the units digit of h?
6
Suppose 482405 = 61*v + 118*v. What is the tens digit of v?
9
Suppose 6444288 = 63*c + 57*c + 8*c. What is the ten thousands digit of c?
5
Suppose 0 = 4*q - 5*q + 1, -4*q + 14 = 2*n. Suppose -w + 7*i - 2*i + 45 = 0, -4*i + 196 = n*w. What is the units digit of w?
0
Let c = 6958 + -2295. What is the units digit of c?
3
Let j be ((-333)/(-21) - 3)/(4/(-28)). Let k be -10*(j/4 - -2). Let z = -139 + k. What is the tens digit of z?
6
Let j(x) = 84*x**3 + 17*x**2 - 28*x. What is the units digit of j(2)?
4
Suppose 21582 = 5*m - 2*n, -4*n = -6 - 10. What is the thousands digit of m?
4
Let f(c) = -c**2 + 2*c + 6. Suppose 11*u = 12*u - 3. Let t be f(u). Suppose -5*d + 115 = t*z, 2*d + 65 = 4*d + 5*z. What is the tens digit of d?
2
Let w(o) = -1270*o - 70. What is the tens digit of w(-11)?
0
Suppose 8*t - t - 21 = 0. Suppose -4*m - j = -166, -2*m + 51 = t*j - 27. What is the units digit of ((-166)/(-6))/(14/m)?
3
Let p = -35 + 37. What is the hundreds digit of (-10 + (-11 - -19))*(-751)/p?
7
Let r be (9 - (-190)/(-30))/((-5)/(-15)). Let v = 4764 + -2678. Suppose -6*f + v = r*f. What is the hundreds digit of f?
1
Suppose -17*i + 50 = -103. Let b be -11 + i + 1 + 192. Suppose -x - h + b = 0, -3*x = -4*h - 654 + 88. What is the units digit of x?
0
Let f(p) be the third derivative of p**6/120 - 2*p**5/5 + 11*p**4/6 + 17*p**3/6 - 84*p**2. What is the units digit of f(22)?
7
Let y be -4*(-14)/8*-4. Let m = y - 120. What is the tens digit of m/(1 - 4/(-4) - 3)?
4
What is the hundreds digit of (-49389)/(-1) + -4*42/56 + 1?
3
Suppose f - 2*d = -f + 20, 4*d - 48 = -4*f. Suppose 508 + 1769 = f*a. What is the units digit of a?
7
Let d(j) = -12*j - 20. Suppose 22*c = 24*c - 218. Let a = 103 - c. What is the units digit of d(a)?
2
Suppose -5*a + 5*v + 97805 - 18890 = 0, -4*v = 2*a - 31536. What is the thousands digit of a?
5
Suppose -21 = 49*u - 52*u. Suppose u*z = -400 + 15. Let j = z + 82. What is the tens digit of j?
2
Suppose -6*j + 4*j = -36. Let n(s) = -12 - s**2 - 11 + 17 + j*s**2. What is the tens digit of n(-2)?
6
Suppose 776*a - 772*a = 8020. Let t = a + -921. What is the thousands digit of t?
1
Suppose 18 = 3*v, 2*k - 5*v + 3806 = 58724. What is the hundreds digit of k?
4
Let d(f) = 146*f**2 + 3*f + 1. Let r be d(-1). Suppose r = -z + 541. What is the units digit of z?
7
Let o(j) = 61 - 159*j**3 - 64 - 2*j - 40*j**3. What is the units digit of o(-1)?
8
Suppose v - 8 - 4 = 0. Let f be 3/12*17*v - 4. Let z = f - -47. What is the units digit of z?
4
Suppose 5*y = 512*v - 516*v + 77665, -3*y + 19411 = v. What is the units digit of v?
0
Suppose 5173 = -8*c + 9403 + 8922. What is the tens digit of c?
4
Let u(y) = 64*y**3 - 5*y**2 - 5*y + 32. What is the thousands digit of u(3)?
1
Let l be 284/(-8)*14/1. Let v = -51 - l. What is the hundreds digit of v?
4
Suppose -20877 = -3*a - h, 2*a + h + 3311 = 17229. What is the tens digit of a?
5
Let j(o) = -24*o - 88. Let i be j(-12). What is the units digit of (i/(-35))/((-10)/35)?
0
Suppose -32 = -2*p + 3*w, 6*w = -2*p + w + 32. Suppose 6*i - 2 = p. What is the units digit of (-3 + -12)*6/(-27)*i?
0
Let k be (-2 + 12/(-4))/(-6 + 5). Suppose 5*n - 4*p - 250 = 0, k*n + 6*p - 2*p - 210 = 0. What is the tens digit of n?
4
Let f(t) = -746*t + 3645. What is the units digit of f(-65)?
5
Suppose -5536 = 7*a - 643. Let t = a + 1535. What is the hundreds digit of ((-34)/(-4) + 1)/(38/t)?
2
What is the thousands digit of (-24)/15 + (-1149044)/(-190)?
6
Suppose h + c = 65 + 122, 0 = 4*h + 5*c - 752. Let p = 213 + h. What is the units digit of p?
6
Suppose 2*y + 3*c = 175, y + y = -c + 165. Let p = 236 - y. What is the hundreds digit of p?
1
Let p = -9319 + 13379. What is the units digit of p?
0
Let i be (-5 - 1070) + (-20)/4. Let z = i - -1708. What is the tens digit of z?
2
Suppose 96*s - 44608 = 28*s. What is the hundreds digit of s?
6
Let r(k) = -110*k - 3. Let y(c) = -c**2 - 16*c - 25. Let t be y(-16). Let i = -26 - t. What is the tens digit of r(i)?
0
Let y(o) = -2115*o - 3342. What is the units digit of y(-27)?
3
Let s(t) = -7*t**3 + 7*t**2 + 5*t - 10. Let l(z) = 6*z**3 - 8*z**2 - 5*z + 11. Let b(f) = -6*l(f) - 5*s(f). What is the units digit of b(12)?
8
Suppose 1510 = -3*l + l. Let h = -1086 - l. Let m = h + 512. What is th